{"id":265,"date":"2024-07-19T14:46:41","date_gmt":"2024-07-19T12:46:41","guid":{"rendered":"https:\/\/agencerozo.fr\/?page_id=265"},"modified":"2024-07-19T18:26:00","modified_gmt":"2024-07-19T16:26:00","slug":"creation-dun-appartement-sous-les-combles","status":"publish","type":"page","link":"https:\/\/agencerozo.fr\/index.php\/creation-dun-appartement-sous-les-combles\/","title":{"rendered":"Cr\u00e9ation d&rsquo;un appartement sous les combles"},"content":{"rendered":"\t\t<div data-elementor-type=\"wp-page\" data-elementor-id=\"265\" class=\"elementor elementor-265\">\n\t\t\t\t<div class=\"elementor-element elementor-element-987aad7 e-flex e-con-boxed e-con e-parent\" data-id=\"987aad7\" data-element_type=\"container\">\n\t\t\t\t\t<div class=\"e-con-inner\">\n\t\t\t\t<div class=\"elementor-element elementor-element-9fc44b2 elementor-widget elementor-widget-heading\" data-id=\"9fc44b2\" data-element_type=\"widget\" data-widget_type=\"heading.default\">\n\t\t\t\t<div class=\"elementor-widget-container\">\n\t\t\t<style>\/*! elementor - v3.23.0 - 15-07-2024 *\/\n.elementor-heading-title{padding:0;margin:0;line-height:1}.elementor-widget-heading .elementor-heading-title[class*=elementor-size-]>a{color:inherit;font-size:inherit;line-height:inherit}.elementor-widget-heading .elementor-heading-title.elementor-size-small{font-size:15px}.elementor-widget-heading .elementor-heading-title.elementor-size-medium{font-size:19px}.elementor-widget-heading .elementor-heading-title.elementor-size-large{font-size:29px}.elementor-widget-heading .elementor-heading-title.elementor-size-xl{font-size:39px}.elementor-widget-heading .elementor-heading-title.elementor-size-xxl{font-size:59px}<\/style><h2 class=\"elementor-heading-title elementor-size-default\">AVANT RENOVATION<\/h2>\t\t<\/div>\n\t\t\t\t<\/div>\n\t\t\t\t\t<\/div>\n\t\t\t\t<\/div>\n\t\t<div class=\"elementor-element elementor-element-46a9df8 e-grid e-con-full e-con e-parent\" data-id=\"46a9df8\" data-element_type=\"container\">\n\t\t\t\t<div class=\"elementor-element elementor-element-138dac2 elementor-widget elementor-widget-image\" data-id=\"138dac2\" data-element_type=\"widget\" data-widget_type=\"image.default\">\n\t\t\t\t<div class=\"elementor-widget-container\">\n\t\t\t<style>\/*! elementor - v3.23.0 - 15-07-2024 *\/\n.elementor-widget-image{text-align:center}.elementor-widget-image a{display:inline-block}.elementor-widget-image a img[src$=\".svg\"]{width:48px}.elementor-widget-image img{vertical-align:middle;display:inline-block}<\/style>\t\t\t\t\t\t\t\t\t\t<img fetchpriority=\"high\" decoding=\"async\" width=\"319\" height=\"425\" src=\"https:\/\/agencerozo.fr\/wp-content\/uploads\/2024\/07\/COMBLE-EDL-1-LT.jpg\" class=\"attachment-large size-large wp-image-275\" alt=\"\" srcset=\"https:\/\/agencerozo.fr\/wp-content\/uploads\/2024\/07\/COMBLE-EDL-1-LT.jpg 319w, https:\/\/agencerozo.fr\/wp-content\/uploads\/2024\/07\/COMBLE-EDL-1-LT-225x300.jpg 225w\" sizes=\"100vw\" \/>\t\t\t\t\t\t\t\t\t\t\t\t\t<\/div>\n\t\t\t\t<\/div>\n\t\t\t\t<div class=\"elementor-element elementor-element-709228f elementor-widget elementor-widget-image\" data-id=\"709228f\" data-element_type=\"widget\" data-widget_type=\"image.default\">\n\t\t\t\t<div class=\"elementor-widget-container\">\n\t\t\t\t\t\t\t\t\t\t\t\t\t<img decoding=\"async\" width=\"319\" height=\"425\" src=\"https:\/\/agencerozo.fr\/wp-content\/uploads\/2024\/07\/COMBLE-EDL-2-LT.jpg\" class=\"attachment-large size-large wp-image-276\" alt=\"\" srcset=\"https:\/\/agencerozo.fr\/wp-content\/uploads\/2024\/07\/COMBLE-EDL-2-LT.jpg 319w, https:\/\/agencerozo.fr\/wp-content\/uploads\/2024\/07\/COMBLE-EDL-2-LT-225x300.jpg 225w\" sizes=\"100vw\" \/>\t\t\t\t\t\t\t\t\t\t\t\t\t<\/div>\n\t\t\t\t<\/div>\n\t\t\t\t<\/div>\n\t\t<div class=\"elementor-element elementor-element-764e006 e-flex e-con-boxed e-con e-parent\" data-id=\"764e006\" data-element_type=\"container\">\n\t\t\t\t\t<div class=\"e-con-inner\">\n\t\t\t\t<div class=\"elementor-element elementor-element-a882366 elementor-widget elementor-widget-heading\" data-id=\"a882366\" data-element_type=\"widget\" data-widget_type=\"heading.default\">\n\t\t\t\t<div class=\"elementor-widget-container\">\n\t\t\t<h2 class=\"elementor-heading-title elementor-size-default\">IMAGES DU PROJET<\/h2>\t\t<\/div>\n\t\t\t\t<\/div>\n\t\t<div class=\"elementor-element elementor-element-659c317 e-grid e-con-full e-con e-child\" data-id=\"659c317\" data-element_type=\"container\">\n\t\t\t\t<div class=\"elementor-element elementor-element-8d452a8 elementor-widget elementor-widget-image\" data-id=\"8d452a8\" data-element_type=\"widget\" data-widget_type=\"image.default\">\n\t\t\t\t<div class=\"elementor-widget-container\">\n\t\t\t\t\t\t\t\t\t\t\t\t\t<img decoding=\"async\" width=\"605\" height=\"340\" src=\"https:\/\/agencerozo.fr\/wp-content\/uploads\/2024\/07\/COMBLE-1-LT.jpg\" class=\"attachment-large size-large wp-image-273\" alt=\"\" srcset=\"https:\/\/agencerozo.fr\/wp-content\/uploads\/2024\/07\/COMBLE-1-LT.jpg 605w, https:\/\/agencerozo.fr\/wp-content\/uploads\/2024\/07\/COMBLE-1-LT-300x169.jpg 300w\" sizes=\"100vw\" \/>\t\t\t\t\t\t\t\t\t\t\t\t\t<\/div>\n\t\t\t\t<\/div>\n\t\t\t\t<div class=\"elementor-element elementor-element-a1f0845 elementor-widget elementor-widget-image\" data-id=\"a1f0845\" data-element_type=\"widget\" data-widget_type=\"image.default\">\n\t\t\t\t<div class=\"elementor-widget-container\">\n\t\t\t\t\t\t\t\t\t\t\t\t\t<img loading=\"lazy\" decoding=\"async\" width=\"605\" height=\"340\" src=\"https:\/\/agencerozo.fr\/wp-content\/uploads\/2024\/07\/COMBLE-2-LT.jpg\" class=\"attachment-large size-large wp-image-274\" alt=\"\" srcset=\"https:\/\/agencerozo.fr\/wp-content\/uploads\/2024\/07\/COMBLE-2-LT.jpg 605w, https:\/\/agencerozo.fr\/wp-content\/uploads\/2024\/07\/COMBLE-2-LT-300x169.jpg 300w\" sizes=\"100vw\" \/>\t\t\t\t\t\t\t\t\t\t\t\t\t<\/div>\n\t\t\t\t<\/div>\n\t\t\t\t<div class=\"elementor-element elementor-element-e67d376 elementor-widget elementor-widget-text-editor\" data-id=\"e67d376\" data-element_type=\"widget\" data-widget_type=\"text-editor.default\">\n\t\t\t\t<div class=\"elementor-widget-container\">\n\t\t\t<style>\/*! elementor - v3.23.0 - 15-07-2024 *\/\n.elementor-widget-text-editor.elementor-drop-cap-view-stacked .elementor-drop-cap{background-color:#69727d;color:#fff}.elementor-widget-text-editor.elementor-drop-cap-view-framed .elementor-drop-cap{color:#69727d;border:3px solid;background-color:transparent}.elementor-widget-text-editor:not(.elementor-drop-cap-view-default) .elementor-drop-cap{margin-top:8px}.elementor-widget-text-editor:not(.elementor-drop-cap-view-default) .elementor-drop-cap-letter{width:1em;height:1em}.elementor-widget-text-editor .elementor-drop-cap{float:left;text-align:center;line-height:1;font-size:50px}.elementor-widget-text-editor .elementor-drop-cap-letter{display:inline-block}<\/style>\t\t\t\t<h5>Ann\u00e9e : 2023<br \/>Maitre d&rsquo;Ouvrage : priv\u00e9<\/h5><h5>Projet de r\u00e9novation des combles d&rsquo;un immeuble d&rsquo;habitation.<br \/>Les combles servant de grenier, un travail important d&rsquo;isolation sera r\u00e9alis\u00e9. <br \/>Nous avons cr\u00e9\u00e9 une terrasse trop\u00e9zienne afin de faire entrer un maximum de lumi\u00e8re naturelle et profiter d&rsquo;un espace ext\u00e9rieur<\/h5>\t\t\t\t\t\t<\/div>\n\t\t\t\t<\/div>\n\t\t\t\t<\/div>\n\t\t\t\t\t<\/div>\n\t\t\t\t<\/div>\n\t\t\t\t<\/div>\n\t\t","protected":false},"excerpt":{"rendered":"<p>AVANT RENOVATION IMAGES DU PROJET Ann\u00e9e : 2023Maitre d&rsquo;Ouvrage : priv\u00e9 Projet de r\u00e9novation des combles d&rsquo;un immeuble d&rsquo;habitation.Les combles servant de grenier, un travail important d&rsquo;isolation sera r\u00e9alis\u00e9. Nous avons cr\u00e9\u00e9 une terrasse trop\u00e9zienne afin de faire entrer un maximum de lumi\u00e8re naturelle et profiter d&rsquo;un espace ext\u00e9rieur<\/p>\n","protected":false},"author":1,"featured_media":0,"parent":0,"menu_order":0,"comment_status":"closed","ping_status":"closed","template":"","meta":{"footnotes":""},"class_list":["post-265","page","type-page","status-publish","hentry"],"yoast_head":"<!-- This site is optimized with the Yoast SEO plugin v23.0 - https:\/\/yoast.com\/wordpress\/plugins\/seo\/ -->\n<title>Cr\u00e9ation d&#039;un appartement sous les combles - Agence Rozo<\/title>\n<meta name=\"description\" content=\"Agrandissez votre logement en am\u00e9nageant les combles en pi\u00e8ces de vie.\" \/>\n<meta name=\"robots\" content=\"index, follow, max-snippet:-1, max-image-preview:large, max-video-preview:-1\" \/>\n<link rel=\"canonical\" href=\"https:\/\/agencerozo.fr\/index.php\/creation-dun-appartement-sous-les-combles\/\" \/>\n<meta property=\"og:locale\" content=\"fr_FR\" \/>\n<meta property=\"og:type\" content=\"article\" \/>\n<meta property=\"og:title\" content=\"Cr\u00e9ation d&#039;un appartement sous les combles - Agence Rozo\" \/>\n<meta property=\"og:description\" content=\"Agrandissez votre logement en am\u00e9nageant les combles en pi\u00e8ces de vie.\" \/>\n<meta property=\"og:url\" content=\"https:\/\/agencerozo.fr\/index.php\/creation-dun-appartement-sous-les-combles\/\" \/>\n<meta property=\"og:site_name\" content=\"Agence Rozo\" \/>\n<meta property=\"article:modified_time\" content=\"2024-07-19T16:26:00+00:00\" \/>\n<meta property=\"og:image\" content=\"https:\/\/agencerozo.fr\/wp-content\/uploads\/2024\/07\/COMBLE-EDL-1-LT.jpg\" \/>\n<meta name=\"twitter:card\" content=\"summary_large_image\" \/>\n<meta name=\"twitter:label1\" content=\"Dur\u00e9e de lecture estim\u00e9e\" \/>\n\t<meta name=\"twitter:data1\" content=\"2 minutes\" \/>\n<script type=\"application\/ld+json\" class=\"yoast-schema-graph\">{\"@context\":\"https:\/\/schema.org\",\"@graph\":[{\"@type\":\"WebPage\",\"@id\":\"https:\/\/agencerozo.fr\/index.php\/creation-dun-appartement-sous-les-combles\/\",\"url\":\"https:\/\/agencerozo.fr\/index.php\/creation-dun-appartement-sous-les-combles\/\",\"name\":\"Cr\u00e9ation d'un appartement sous les combles - Agence Rozo\",\"isPartOf\":{\"@id\":\"https:\/\/agencerozo.fr\/#website\"},\"primaryImageOfPage\":{\"@id\":\"https:\/\/agencerozo.fr\/index.php\/creation-dun-appartement-sous-les-combles\/#primaryimage\"},\"image\":{\"@id\":\"https:\/\/agencerozo.fr\/index.php\/creation-dun-appartement-sous-les-combles\/#primaryimage\"},\"thumbnailUrl\":\"https:\/\/agencerozo.fr\/wp-content\/uploads\/2024\/07\/COMBLE-EDL-1-LT.jpg\",\"datePublished\":\"2024-07-19T12:46:41+00:00\",\"dateModified\":\"2024-07-19T16:26:00+00:00\",\"description\":\"Agrandissez votre logement en am\u00e9nageant les combles en pi\u00e8ces de vie.\",\"breadcrumb\":{\"@id\":\"https:\/\/agencerozo.fr\/index.php\/creation-dun-appartement-sous-les-combles\/#breadcrumb\"},\"inLanguage\":\"fr-FR\",\"potentialAction\":[{\"@type\":\"ReadAction\",\"target\":[\"https:\/\/agencerozo.fr\/index.php\/creation-dun-appartement-sous-les-combles\/\"]}]},{\"@type\":\"ImageObject\",\"inLanguage\":\"fr-FR\",\"@id\":\"https:\/\/agencerozo.fr\/index.php\/creation-dun-appartement-sous-les-combles\/#primaryimage\",\"url\":\"https:\/\/agencerozo.fr\/wp-content\/uploads\/2024\/07\/COMBLE-EDL-1-LT.jpg\",\"contentUrl\":\"https:\/\/agencerozo.fr\/wp-content\/uploads\/2024\/07\/COMBLE-EDL-1-LT.jpg\",\"width\":319,\"height\":425},{\"@type\":\"BreadcrumbList\",\"@id\":\"https:\/\/agencerozo.fr\/index.php\/creation-dun-appartement-sous-les-combles\/#breadcrumb\",\"itemListElement\":[{\"@type\":\"ListItem\",\"position\":1,\"name\":\"Accueil\",\"item\":\"https:\/\/agencerozo.fr\/\"},{\"@type\":\"ListItem\",\"position\":2,\"name\":\"Cr\u00e9ation d&rsquo;un appartement sous les combles\"}]},{\"@type\":\"WebSite\",\"@id\":\"https:\/\/agencerozo.fr\/#website\",\"url\":\"https:\/\/agencerozo.fr\/\",\"name\":\"Agence Rozo\",\"description\":\"Une architecture humaine, naturelle et \u00e9thique pour cr\u00e9er votre espace de vie id\u00e9al\",\"publisher\":{\"@id\":\"https:\/\/agencerozo.fr\/#organization\"},\"potentialAction\":[{\"@type\":\"SearchAction\",\"target\":{\"@type\":\"EntryPoint\",\"urlTemplate\":\"https:\/\/agencerozo.fr\/?s={search_term_string}\"},\"query-input\":\"required name=search_term_string\"}],\"inLanguage\":\"fr-FR\"},{\"@type\":\"Organization\",\"@id\":\"https:\/\/agencerozo.fr\/#organization\",\"name\":\"Agence Rozo\",\"url\":\"https:\/\/agencerozo.fr\/\",\"logo\":{\"@type\":\"ImageObject\",\"inLanguage\":\"fr-FR\",\"@id\":\"https:\/\/agencerozo.fr\/#\/schema\/logo\/image\/\",\"url\":\"https:\/\/agencerozo.fr\/wp-content\/uploads\/2024\/07\/avatar.png\",\"contentUrl\":\"https:\/\/agencerozo.fr\/wp-content\/uploads\/2024\/07\/avatar.png\",\"width\":900,\"height\":900,\"caption\":\"Agence Rozo\"},\"image\":{\"@id\":\"https:\/\/agencerozo.fr\/#\/schema\/logo\/image\/\"}}]}<\/script>\n<!-- \/ Yoast SEO plugin. -->","yoast_head_json":{"title":"Cr\u00e9ation d'un appartement sous les combles - Agence Rozo","description":"Agrandissez votre logement en am\u00e9nageant les combles en pi\u00e8ces de vie.","robots":{"index":"index","follow":"follow","max-snippet":"max-snippet:-1","max-image-preview":"max-image-preview:large","max-video-preview":"max-video-preview:-1"},"canonical":"https:\/\/agencerozo.fr\/index.php\/creation-dun-appartement-sous-les-combles\/","og_locale":"fr_FR","og_type":"article","og_title":"Cr\u00e9ation d'un appartement sous les combles - Agence Rozo","og_description":"Agrandissez votre logement en am\u00e9nageant les combles en pi\u00e8ces de vie.","og_url":"https:\/\/agencerozo.fr\/index.php\/creation-dun-appartement-sous-les-combles\/","og_site_name":"Agence Rozo","article_modified_time":"2024-07-19T16:26:00+00:00","og_image":[{"url":"https:\/\/agencerozo.fr\/wp-content\/uploads\/2024\/07\/COMBLE-EDL-1-LT.jpg"}],"twitter_card":"summary_large_image","twitter_misc":{"Dur\u00e9e de lecture estim\u00e9e":"2 minutes"},"schema":{"@context":"https:\/\/schema.org","@graph":[{"@type":"WebPage","@id":"https:\/\/agencerozo.fr\/index.php\/creation-dun-appartement-sous-les-combles\/","url":"https:\/\/agencerozo.fr\/index.php\/creation-dun-appartement-sous-les-combles\/","name":"Cr\u00e9ation d'un appartement sous les combles - Agence Rozo","isPartOf":{"@id":"https:\/\/agencerozo.fr\/#website"},"primaryImageOfPage":{"@id":"https:\/\/agencerozo.fr\/index.php\/creation-dun-appartement-sous-les-combles\/#primaryimage"},"image":{"@id":"https:\/\/agencerozo.fr\/index.php\/creation-dun-appartement-sous-les-combles\/#primaryimage"},"thumbnailUrl":"https:\/\/agencerozo.fr\/wp-content\/uploads\/2024\/07\/COMBLE-EDL-1-LT.jpg","datePublished":"2024-07-19T12:46:41+00:00","dateModified":"2024-07-19T16:26:00+00:00","description":"Agrandissez votre logement en am\u00e9nageant les combles en pi\u00e8ces de vie.","breadcrumb":{"@id":"https:\/\/agencerozo.fr\/index.php\/creation-dun-appartement-sous-les-combles\/#breadcrumb"},"inLanguage":"fr-FR","potentialAction":[{"@type":"ReadAction","target":["https:\/\/agencerozo.fr\/index.php\/creation-dun-appartement-sous-les-combles\/"]}]},{"@type":"ImageObject","inLanguage":"fr-FR","@id":"https:\/\/agencerozo.fr\/index.php\/creation-dun-appartement-sous-les-combles\/#primaryimage","url":"https:\/\/agencerozo.fr\/wp-content\/uploads\/2024\/07\/COMBLE-EDL-1-LT.jpg","contentUrl":"https:\/\/agencerozo.fr\/wp-content\/uploads\/2024\/07\/COMBLE-EDL-1-LT.jpg","width":319,"height":425},{"@type":"BreadcrumbList","@id":"https:\/\/agencerozo.fr\/index.php\/creation-dun-appartement-sous-les-combles\/#breadcrumb","itemListElement":[{"@type":"ListItem","position":1,"name":"Accueil","item":"https:\/\/agencerozo.fr\/"},{"@type":"ListItem","position":2,"name":"Cr\u00e9ation d&rsquo;un appartement sous les combles"}]},{"@type":"WebSite","@id":"https:\/\/agencerozo.fr\/#website","url":"https:\/\/agencerozo.fr\/","name":"Agence Rozo","description":"Une architecture humaine, naturelle et \u00e9thique pour cr\u00e9er votre espace de vie id\u00e9al","publisher":{"@id":"https:\/\/agencerozo.fr\/#organization"},"potentialAction":[{"@type":"SearchAction","target":{"@type":"EntryPoint","urlTemplate":"https:\/\/agencerozo.fr\/?s={search_term_string}"},"query-input":"required name=search_term_string"}],"inLanguage":"fr-FR"},{"@type":"Organization","@id":"https:\/\/agencerozo.fr\/#organization","name":"Agence Rozo","url":"https:\/\/agencerozo.fr\/","logo":{"@type":"ImageObject","inLanguage":"fr-FR","@id":"https:\/\/agencerozo.fr\/#\/schema\/logo\/image\/","url":"https:\/\/agencerozo.fr\/wp-content\/uploads\/2024\/07\/avatar.png","contentUrl":"https:\/\/agencerozo.fr\/wp-content\/uploads\/2024\/07\/avatar.png","width":900,"height":900,"caption":"Agence Rozo"},"image":{"@id":"https:\/\/agencerozo.fr\/#\/schema\/logo\/image\/"}}]}},"_links":{"self":[{"href":"https:\/\/agencerozo.fr\/index.php\/wp-json\/wp\/v2\/pages\/265","targetHints":{"allow":["GET"]}}],"collection":[{"href":"https:\/\/agencerozo.fr\/index.php\/wp-json\/wp\/v2\/pages"}],"about":[{"href":"https:\/\/agencerozo.fr\/index.php\/wp-json\/wp\/v2\/types\/page"}],"author":[{"embeddable":true,"href":"https:\/\/agencerozo.fr\/index.php\/wp-json\/wp\/v2\/users\/1"}],"replies":[{"embeddable":true,"href":"https:\/\/agencerozo.fr\/index.php\/wp-json\/wp\/v2\/comments?post=265"}],"version-history":[{"count":10,"href":"https:\/\/agencerozo.fr\/index.php\/wp-json\/wp\/v2\/pages\/265\/revisions"}],"predecessor-version":[{"id":295,"href":"https:\/\/agencerozo.fr\/index.php\/wp-json\/wp\/v2\/pages\/265\/revisions\/295"}],"wp:attachment":[{"href":"https:\/\/agencerozo.fr\/index.php\/wp-json\/wp\/v2\/media?parent=265"}],"curies":[{"name":"wp","href":"https:\/\/api.w.org\/{rel}","templated":true}]}}