{"id":97,"date":"2024-04-26T18:30:45","date_gmt":"2024-04-26T16:30:45","guid":{"rendered":"http:\/\/ikhxojz.cluster029.hosting.ovh.net\/?page_id=97"},"modified":"2024-07-19T18:35:28","modified_gmt":"2024-07-19T16:35:28","slug":"nos-valeurs","status":"publish","type":"page","link":"https:\/\/agencerozo.fr\/","title":{"rendered":"Nos valeurs"},"content":{"rendered":"\t\t<div data-elementor-type=\"wp-page\" data-elementor-id=\"97\" class=\"elementor elementor-97\">\n\t\t\t\t<div class=\"elementor-element elementor-element-23fe3c9 e-flex e-con-boxed e-con e-parent\" data-id=\"23fe3c9\" data-element_type=\"container\">\n\t\t\t\t\t<div class=\"e-con-inner\">\n\t\t\t\t<div class=\"elementor-element elementor-element-cdf923d elementor-widget elementor-widget-text-editor\" data-id=\"cdf923d\" data-element_type=\"widget\" data-widget_type=\"text-editor.default\">\n\t\t\t\t<div class=\"elementor-widget-container\">\n\t\t\t<style>\/*! elementor - v3.23.0 - 15-07-2024 *\/\n.elementor-widget-text-editor.elementor-drop-cap-view-stacked .elementor-drop-cap{background-color:#69727d;color:#fff}.elementor-widget-text-editor.elementor-drop-cap-view-framed .elementor-drop-cap{color:#69727d;border:3px solid;background-color:transparent}.elementor-widget-text-editor:not(.elementor-drop-cap-view-default) .elementor-drop-cap{margin-top:8px}.elementor-widget-text-editor:not(.elementor-drop-cap-view-default) .elementor-drop-cap-letter{width:1em;height:1em}.elementor-widget-text-editor .elementor-drop-cap{float:left;text-align:center;line-height:1;font-size:50px}.elementor-widget-text-editor .elementor-drop-cap-letter{display:inline-block}<\/style>\t\t\t\t<p>L\u2019agence Rozo est une \u00e9quipe d&rsquo;ind\u00e9pendants professionnels, architectes, ing\u00e9nieurs, dessinateurs, situ\u00e9e \u00e0 Saint-Etienne dans le d\u00e9partement de la Loire sp\u00e9cialis\u00e9e dans la conception de logements, \u00e9tablissements recevant du public, tertiaire&#8230; Notre vision de l\u2019architecture est ancr\u00e9e dans une approche r\u00e9solument tourn\u00e9e vers l\u2019humain et la nature pour cr\u00e9er des habitations qui allient fonctionnalit\u00e9 et esth\u00e9tisme. Notre d\u00e9marche est guid\u00e9e par une \u00e9thique raisonn\u00e9e, en privil\u00e9giant l\u2019utilisation de mat\u00e9riaux durables et en favorisant les solutions respectueuses de l\u2019environnement.<\/p>\t\t\t\t\t\t<\/div>\n\t\t\t\t<\/div>\n\t\t\t\t\t<\/div>\n\t\t\t\t<\/div>\n\t\t\t\t<\/div>\n\t\t","protected":false},"excerpt":{"rendered":"<p>L\u2019agence Rozo est une \u00e9quipe d&rsquo;ind\u00e9pendants professionnels, architectes, ing\u00e9nieurs, dessinateurs, situ\u00e9e \u00e0 Saint-Etienne dans le d\u00e9partement de la Loire sp\u00e9cialis\u00e9e dans la conception de logements, \u00e9tablissements recevant du public, tertiaire&#8230; Notre vision de l\u2019architecture est ancr\u00e9e dans une approche r\u00e9solument tourn\u00e9e vers l\u2019humain et la nature pour cr\u00e9er des habitations qui allient fonctionnalit\u00e9 et esth\u00e9tisme. &hellip; <\/p>\n<p class=\"link-more\"><a href=\"https:\/\/agencerozo.fr\/\" class=\"more-link\">Lire la suite de<span class=\"screen-reader-text\">\u00ab\u00a0Nos valeurs\u00a0\u00bb<\/span><\/a><\/p>\n","protected":false},"author":1,"featured_media":0,"parent":0,"menu_order":0,"comment_status":"closed","ping_status":"closed","template":"","meta":{"footnotes":""},"class_list":["post-97","page","type-page","status-publish","hentry"],"yoast_head":"<!-- This site is optimized with the Yoast SEO plugin v23.0 - https:\/\/yoast.com\/wordpress\/plugins\/seo\/ -->\n<title>Nos valeurs - Agence Rozo<\/title>\n<meta name=\"description\" content=\"Dipl\u00f4m\u00e9e de l\u2019\u00e9cole d\u2019architecture de Saint-Etienne, j\u2019ai travaill\u00e9 plus de 20 ann\u00e9es dans des cabinets d\u2019architecture\" \/>\n<meta name=\"robots\" content=\"index, follow, max-snippet:-1, max-image-preview:large, max-video-preview:-1\" \/>\n<link rel=\"canonical\" href=\"https:\/\/agencerozo.fr\/\" \/>\n<meta property=\"og:locale\" content=\"fr_FR\" \/>\n<meta property=\"og:type\" content=\"article\" \/>\n<meta property=\"og:title\" content=\"Nos valeurs - Agence Rozo\" \/>\n<meta property=\"og:description\" content=\"Dipl\u00f4m\u00e9e de l\u2019\u00e9cole d\u2019architecture de Saint-Etienne, j\u2019ai travaill\u00e9 plus de 20 ann\u00e9es dans des cabinets d\u2019architecture\" \/>\n<meta property=\"og:url\" content=\"https:\/\/agencerozo.fr\/\" \/>\n<meta property=\"og:site_name\" content=\"Agence Rozo\" \/>\n<meta property=\"article:modified_time\" content=\"2024-07-19T16:35:28+00:00\" \/>\n<meta name=\"twitter:card\" content=\"summary_large_image\" \/>\n<meta name=\"twitter:label1\" content=\"Dur\u00e9e de lecture estim\u00e9e\" \/>\n\t<meta name=\"twitter:data1\" content=\"1 minute\" \/>\n<script type=\"application\/ld+json\" class=\"yoast-schema-graph\">{\"@context\":\"https:\/\/schema.org\",\"@graph\":[{\"@type\":\"WebPage\",\"@id\":\"https:\/\/agencerozo.fr\/\",\"url\":\"https:\/\/agencerozo.fr\/\",\"name\":\"Nos valeurs - Agence Rozo\",\"isPartOf\":{\"@id\":\"https:\/\/agencerozo.fr\/#website\"},\"datePublished\":\"2024-04-26T16:30:45+00:00\",\"dateModified\":\"2024-07-19T16:35:28+00:00\",\"description\":\"Dipl\u00f4m\u00e9e de l\u2019\u00e9cole d\u2019architecture de Saint-Etienne, j\u2019ai travaill\u00e9 plus de 20 ann\u00e9es dans des cabinets d\u2019architecture\",\"breadcrumb\":{\"@id\":\"https:\/\/agencerozo.fr\/#breadcrumb\"},\"inLanguage\":\"fr-FR\",\"potentialAction\":[{\"@type\":\"ReadAction\",\"target\":[\"https:\/\/agencerozo.fr\/\"]}]},{\"@type\":\"BreadcrumbList\",\"@id\":\"https:\/\/agencerozo.fr\/#breadcrumb\",\"itemListElement\":[{\"@type\":\"ListItem\",\"position\":1,\"name\":\"Accueil\",\"item\":\"https:\/\/agencerozo.fr\/\"},{\"@type\":\"ListItem\",\"position\":2,\"name\":\"Nos valeurs\"}]},{\"@type\":\"WebSite\",\"@id\":\"https:\/\/agencerozo.fr\/#website\",\"url\":\"https:\/\/agencerozo.fr\/\",\"name\":\"Agence Rozo\",\"description\":\"Une architecture humaine, naturelle et \u00e9thique pour cr\u00e9er votre espace de vie id\u00e9al\",\"publisher\":{\"@id\":\"https:\/\/agencerozo.fr\/#organization\"},\"potentialAction\":[{\"@type\":\"SearchAction\",\"target\":{\"@type\":\"EntryPoint\",\"urlTemplate\":\"https:\/\/agencerozo.fr\/?s={search_term_string}\"},\"query-input\":\"required name=search_term_string\"}],\"inLanguage\":\"fr-FR\"},{\"@type\":\"Organization\",\"@id\":\"https:\/\/agencerozo.fr\/#organization\",\"name\":\"Agence Rozo\",\"url\":\"https:\/\/agencerozo.fr\/\",\"logo\":{\"@type\":\"ImageObject\",\"inLanguage\":\"fr-FR\",\"@id\":\"https:\/\/agencerozo.fr\/#\/schema\/logo\/image\/\",\"url\":\"https:\/\/agencerozo.fr\/wp-content\/uploads\/2024\/07\/avatar.png\",\"contentUrl\":\"https:\/\/agencerozo.fr\/wp-content\/uploads\/2024\/07\/avatar.png\",\"width\":900,\"height\":900,\"caption\":\"Agence Rozo\"},\"image\":{\"@id\":\"https:\/\/agencerozo.fr\/#\/schema\/logo\/image\/\"}}]}<\/script>\n<!-- \/ Yoast SEO plugin. -->","yoast_head_json":{"title":"Nos valeurs - Agence Rozo","description":"Dipl\u00f4m\u00e9e de l\u2019\u00e9cole d\u2019architecture de Saint-Etienne, j\u2019ai travaill\u00e9 plus de 20 ann\u00e9es dans des cabinets d\u2019architecture","robots":{"index":"index","follow":"follow","max-snippet":"max-snippet:-1","max-image-preview":"max-image-preview:large","max-video-preview":"max-video-preview:-1"},"canonical":"https:\/\/agencerozo.fr\/","og_locale":"fr_FR","og_type":"article","og_title":"Nos valeurs - Agence Rozo","og_description":"Dipl\u00f4m\u00e9e de l\u2019\u00e9cole d\u2019architecture de Saint-Etienne, j\u2019ai travaill\u00e9 plus de 20 ann\u00e9es dans des cabinets d\u2019architecture","og_url":"https:\/\/agencerozo.fr\/","og_site_name":"Agence Rozo","article_modified_time":"2024-07-19T16:35:28+00:00","twitter_card":"summary_large_image","twitter_misc":{"Dur\u00e9e de lecture estim\u00e9e":"1 minute"},"schema":{"@context":"https:\/\/schema.org","@graph":[{"@type":"WebPage","@id":"https:\/\/agencerozo.fr\/","url":"https:\/\/agencerozo.fr\/","name":"Nos valeurs - Agence Rozo","isPartOf":{"@id":"https:\/\/agencerozo.fr\/#website"},"datePublished":"2024-04-26T16:30:45+00:00","dateModified":"2024-07-19T16:35:28+00:00","description":"Dipl\u00f4m\u00e9e de l\u2019\u00e9cole d\u2019architecture de Saint-Etienne, j\u2019ai travaill\u00e9 plus de 20 ann\u00e9es dans des cabinets d\u2019architecture","breadcrumb":{"@id":"https:\/\/agencerozo.fr\/#breadcrumb"},"inLanguage":"fr-FR","potentialAction":[{"@type":"ReadAction","target":["https:\/\/agencerozo.fr\/"]}]},{"@type":"BreadcrumbList","@id":"https:\/\/agencerozo.fr\/#breadcrumb","itemListElement":[{"@type":"ListItem","position":1,"name":"Accueil","item":"https:\/\/agencerozo.fr\/"},{"@type":"ListItem","position":2,"name":"Nos valeurs"}]},{"@type":"WebSite","@id":"https:\/\/agencerozo.fr\/#website","url":"https:\/\/agencerozo.fr\/","name":"Agence Rozo","description":"Une architecture humaine, naturelle et \u00e9thique pour cr\u00e9er votre espace de vie id\u00e9al","publisher":{"@id":"https:\/\/agencerozo.fr\/#organization"},"potentialAction":[{"@type":"SearchAction","target":{"@type":"EntryPoint","urlTemplate":"https:\/\/agencerozo.fr\/?s={search_term_string}"},"query-input":"required name=search_term_string"}],"inLanguage":"fr-FR"},{"@type":"Organization","@id":"https:\/\/agencerozo.fr\/#organization","name":"Agence Rozo","url":"https:\/\/agencerozo.fr\/","logo":{"@type":"ImageObject","inLanguage":"fr-FR","@id":"https:\/\/agencerozo.fr\/#\/schema\/logo\/image\/","url":"https:\/\/agencerozo.fr\/wp-content\/uploads\/2024\/07\/avatar.png","contentUrl":"https:\/\/agencerozo.fr\/wp-content\/uploads\/2024\/07\/avatar.png","width":900,"height":900,"caption":"Agence Rozo"},"image":{"@id":"https:\/\/agencerozo.fr\/#\/schema\/logo\/image\/"}}]}},"_links":{"self":[{"href":"https:\/\/agencerozo.fr\/index.php\/wp-json\/wp\/v2\/pages\/97","targetHints":{"allow":["GET"]}}],"collection":[{"href":"https:\/\/agencerozo.fr\/index.php\/wp-json\/wp\/v2\/pages"}],"about":[{"href":"https:\/\/agencerozo.fr\/index.php\/wp-json\/wp\/v2\/types\/page"}],"author":[{"embeddable":true,"href":"https:\/\/agencerozo.fr\/index.php\/wp-json\/wp\/v2\/users\/1"}],"replies":[{"embeddable":true,"href":"https:\/\/agencerozo.fr\/index.php\/wp-json\/wp\/v2\/comments?post=97"}],"version-history":[{"count":21,"href":"https:\/\/agencerozo.fr\/index.php\/wp-json\/wp\/v2\/pages\/97\/revisions"}],"predecessor-version":[{"id":169,"href":"https:\/\/agencerozo.fr\/index.php\/wp-json\/wp\/v2\/pages\/97\/revisions\/169"}],"wp:attachment":[{"href":"https:\/\/agencerozo.fr\/index.php\/wp-json\/wp\/v2\/media?parent=97"}],"curies":[{"name":"wp","href":"https:\/\/api.w.org\/{rel}","templated":true}]}}